{"id":54,"date":"2024-11-26T10:14:18","date_gmt":"2024-11-26T10:14:18","guid":{"rendered":"https:\/\/sandra-rehm.de\/?page_id=54"},"modified":"2025-02-06T09:24:19","modified_gmt":"2025-02-06T09:24:19","slug":"ueber-mich","status":"publish","type":"page","link":"https:\/\/sandra-rehm.de\/index.php\/ueber-mich\/","title":{"rendered":"\u00dcber mich"},"content":{"rendered":"<div  data-label=\"ueber mich\" data-id=\"content-image-left\" data-category=\"content\" class=\"content-left-image-section content-image-left\" id=\"ueber-mich\" style=\"background-color: rgb(255, 255, 255); background-size: cover; background-position: center top; background-image: url(&quot;https:\/\/sandra-rehm.de\/wp-content\/uploads\/2025\/01\/SandraRehm-Header-1.jpg&quot;);\" data-ovid=\"ovid-content-3-233\"> <div  class=\"gridContainer\"> <div  class=\"row\"> <div  class=\"content-left-image-imgcol\" data-type=\"column\">  <h3  class=\"\"><span  style=\"font-weight: 300; font-style: italic;\">\u201eSei du selbst die \n<\/span><br ><span  style=\"font-weight: 300; font-style: italic;\"><span  style=\"font-weight: 400;\">Ver\u00e4nderung<\/span>, \n<br >die du dir w\u00fcnschst \n<br >f\u00fcr diese Welt.\u201c<\/span><\/h3><p  class=\"\"><span  style=\"font-weight: 400;\">Mahatma Ghandi<\/span>\n<\/p><h3  class=\"\"><span  style=\"font-weight: 200;\">Pers\u00f6nliches<\/span><\/h3><p  class=\"\">Ich bin gl\u00fccklich verheiratet und \n<br >stolze Mama eines wundervollen Jungen.\n<br ><br >Den Kopf bekomme ich am besten frei \n<br >bei ausgedehnten Spazierg\u00e4ngen mit unserem Hund.\n<br >Dabei genie\u00dfe ich die Sch\u00f6nheit der Natur,\n<br >egal ob am Meer, in den Bergen oder \n<br >unseren heimischen Feldern und W\u00e4ldern.\n<br ><br >Meinen Geist st\u00e4rke ich mit Yoga<br >oder beim Lesen guter B\u00fccher.\n<br ><br >Ich genie\u00dfe es, \n<br >mit Menschen ins Gespr\u00e4ch zu kommen, \n<br >mich von anderen Sichtweisen und \n<br >Kulturen inspirieren zu lassen und\n<br >in offenen und ehrlichen Austausch zu gehen. \n<\/p><h3  class=\"\"><span  style=\"font-weight: 200;\">Meine Qualifikationen<\/span><\/h3><p  class=\"\"><span  style=\"font-weight: 500;\">Konfliktl\u00f6serin \/ Mentorin f\u00fcr Konfliktmanagement<\/span><br >\nHergen Sasse \u2013 Sozial und Stark <br ><br ><span  style=\"font-weight: 500;\">Systemisch beraten<\/span><br >\nParit\u00e4tischer Th\u00fcringen <br ><br ><span  style=\"font-weight: 500;\">Resilienztrainerin<\/span><br >\nIST \u2013 Studieninstitut <br ><br >\n<span  style=\"font-weight: 500;\">Entspannungstrainerin<\/span><span  style=\"font-weight: 500;\"> f\u00fcr Kinder und Jugendliche<\/span><br >\nMifW \u2013 Erfurt <br ><br ><span  style=\"font-weight: 400;\">Entspannungstherapeutin<\/span><br ><span  style=\"font-weight: 400;\">\n(Kursleiterin f\u00fcr Stressmanagement, AT und PMR)<\/span><br >\nMifW \u2013 Erfurt&nbsp;\n<br ><br ><span  style=\"font-weight: 500;\">Kommunikationstrainerin<\/span><br >\nMifW \u2013 Leipzig&nbsp;\n<br ><br ><span  style=\"font-weight: 500;\">Betriebliches Gesundheitsmanagement (IHK)<\/span><br >\nIST \u2013 Studieninstitut <\/p><\/div> <div  class=\"content-left-image-textcol dynamic-color\" data-type=\"column\">  <p  class=\"\">Als erfahrene Beraterin und Trainerin habe ich mich darauf spezialisiert, Unternehmen und ihre Mitarbeitenden in den Bereichen F\u00fchrungskr\u00e4fteentwicklung, Mitarbeitertrainings und betriebliches Gesundheitsmanagement zu unterst\u00fctzen. Mein Ziel ist es, durch gezielte Ma\u00dfnahmen die Gesundheit, Motivation und Leistungsf\u00e4higkeit in Ihrem Unternehmen nachhaltig zu f\u00f6rdern.<br >\nIch freue mich darauf, mein Wissen und meine Erfahrungen mit Ihnen zu teilen und gemeinsam an einer Zukunft mit mehr Wohlbefinden f\u00fcr Sie und Ihre Mitarbeitenden zu arbeiten.<\/p><h3  class=\"\"><span  style=\"font-weight: 200; font-family: Source Sans Pro, arial, helvetica, sans-serif;\">Meine Motivation<\/span><\/h3> <p  class=\"\">Knapp zwei Jahrzehnte war ich in unterschiedlichen Aufgabenfeldern in der Eingliederungshilfe nach SGB IX t\u00e4tig. W\u00e4hrend dieser Zeit fiel mir auf, wie viele Kolleginnen und Kollegen an ihre k\u00f6rperlichen und seelischen Grenzen gingen, um das Wohlergehen ihrer Klienten sicherzustellen. Auch auf Kosten ihrer eigenen Gesundheit. Oft waren die betrieblichen Rahmenbedingungen mitverantwortlich f\u00fcr die \u00dcberforderung der Mitarbeitenden. So erging es auch mir. \n\n<br ><br >In mir wuchs der Wunsch, den Missst\u00e4nden entgegenzuwirken. Denn gerade dort, wo Menschen mit Schutzbefohlenen und hilfsbed\u00fcrftigen Menschen arbeiten, sind die emotionalen Herausforderungen im t\u00e4glichen Miteinander besonders gro\u00df. Wenn dann noch fehlende Wertsch\u00e4tzung, Intransparenz und mangelhafte Fehlerkultur dazu kommen, sind hohe Krankenst\u00e4nde, Resignation und \u201eDienst nach Vorschrift\u201c vorprogrammiert.<br ><br >\nMit der Ausbildung zur betrieblichen Gesundheitsmanagerin im Jahr 2019 fand ich meine Passion im Bereich Mitarbeitergesundheit. <br >\n<\/p> <h3  class=\"\"><span  style=\"font-weight: 300;\"><span  style=\"font-weight: 200;\">Meine Arbeitsweise<\/span><\/span><\/h3><p  class=\"\">Ich liebe es, Menschen in gezielten Trainings und Workshops dabei zu unterst\u00fctzen, ihre innere St\u00e4rke zu entdecken und pers\u00f6nliche Schutzfaktoren zu entwickeln. Besonderen Wert lege ich auf wertsch\u00e4tzende Kommunikation, Erh\u00f6hung der Konfliktf\u00e4higkeit, St\u00e4rkung der Resilienz und effektive Stressbew\u00e4ltigung, um das Wohlbefinden und die Leistungsf\u00e4higkeit im Berufsalltag zu steigern. Dabei setze ich auf praxisnahe Methoden und eine empathische Herangehensweise, um individuelle St\u00e4rken zu f\u00f6rdern und Teams zu st\u00e4rken.\n<br ><br >\nArbeitgeber und F\u00fchrungskr\u00e4fte begleite ich gern durch gesundheitsf\u00f6rdernde Ver\u00e4nderungsprozesse. Mit einer Vielzahl an m\u00f6glichen Ma\u00dfnahmen und gesunder F\u00fchrung k\u00f6nnen Arbeitsbedingungen grundlegend verbessert werden, um Mitarbeitende langfristig gesund zu erhalten.\nGemeinsam gestalten wir eine positive Unternehmenskultur, in der sich Ihre Mitarbeitenden wohlf\u00fchlen und ihr volles Potenzial entfalten k\u00f6nnen.\n<br >\n<br >Herzlichst\n<br ><span  style=\"font-family: Calligraffitti, arial, helvetica, sans-serif;\">Sandra Rehm<\/span><\/p><a  class=\"button color2\" href=\"https:\/\/sandra-rehm.de\/#kontakt\" target=\"_self\" data-icon=\"\">Lassen Sie uns gemeinsam den Grundstein f\u00fcr Ihren langfristigen Erfolg legen<\/a><\/div> <\/div> <\/div> <\/div>","protected":false},"excerpt":{"rendered":"<p>\u201eSei du selbst die Ver\u00e4nderung, die du dir w\u00fcnschst f\u00fcr diese Welt.\u201cMahatma Ghandi Pers\u00f6nlichesIch bin gl\u00fccklich verheiratet und stolze Mama eines wundervollen Jungen. Den Kopf bekomme ich am besten frei bei ausgedehnten Spazierg\u00e4ngen mit unserem Hund. Dabei genie\u00dfe ich die Sch\u00f6nheit der Natur, egal ob am Meer, in den Bergen oder unseren heimischen Feldern und&hellip; <br \/> <a class=\"button small blue\" href=\"https:\/\/sandra-rehm.de\/index.php\/ueber-mich\/\">Weiterlesen<\/a><\/p>\n","protected":false},"author":1,"featured_media":726,"parent":0,"menu_order":0,"comment_status":"closed","ping_status":"closed","template":"full-width-page.php","meta":{"footnotes":""},"class_list":["post-54","page","type-page","status-publish","has-post-thumbnail","hentry"],"yoast_head":"<!-- This site is optimized with the Yoast SEO plugin v27.1.1 - https:\/\/yoast.com\/product\/yoast-seo-wordpress\/ -->\n<title>\u00dcber mich - Sandra Rehm - Gemeinsam f\u00fcr mehr Wohlbefinden<\/title>\n<meta name=\"description\" content=\"Knapp zwei Jahrzehnte war ich in unterschiedlichen Aufgabenfeldern in der Eingliederungshilfe nach SGB IX t\u00e4tig. Als erfahrene Beraterin und Trainerin habe ich mich darauf spezialisiert, Unternehmen und ihre Mitarbeitenden in den Bereichen F\u00fchrungskr\u00e4fteentwicklung, Mitarbeitertrainings und betriebliches Gesundheitsmanagement zu unterst\u00fctzen.\" \/>\n<meta name=\"robots\" content=\"index, follow, max-snippet:-1, max-image-preview:large, max-video-preview:-1\" \/>\n<link rel=\"canonical\" href=\"https:\/\/sandra-rehm.de\/index.php\/ueber-mich\/\" \/>\n<meta property=\"og:locale\" content=\"de_DE\" \/>\n<meta property=\"og:type\" content=\"article\" \/>\n<meta property=\"og:title\" content=\"\u00dcber mich - Sandra Rehm - Gemeinsam f\u00fcr mehr Wohlbefinden\" \/>\n<meta property=\"og:description\" content=\"Knapp zwei Jahrzehnte war ich in unterschiedlichen Aufgabenfeldern in der Eingliederungshilfe nach SGB IX t\u00e4tig. Als erfahrene Beraterin und Trainerin habe ich mich darauf spezialisiert, Unternehmen und ihre Mitarbeitenden in den Bereichen F\u00fchrungskr\u00e4fteentwicklung, Mitarbeitertrainings und betriebliches Gesundheitsmanagement zu unterst\u00fctzen.\" \/>\n<meta property=\"og:url\" content=\"https:\/\/sandra-rehm.de\/index.php\/ueber-mich\/\" \/>\n<meta property=\"og:site_name\" content=\"Sandra Rehm - Gemeinsam f\u00fcr mehr Wohlbefinden\" \/>\n<meta property=\"article:modified_time\" content=\"2025-02-06T09:24:19+00:00\" \/>\n<meta property=\"og:image\" content=\"https:\/\/sandra-rehm.de\/wp-content\/uploads\/2025\/01\/Home-1.jpg\" \/>\n\t<meta property=\"og:image:width\" content=\"1200\" \/>\n\t<meta property=\"og:image:height\" content=\"672\" \/>\n\t<meta property=\"og:image:type\" content=\"image\/jpeg\" \/>\n<meta name=\"twitter:card\" content=\"summary_large_image\" \/>\n<meta name=\"twitter:label1\" content=\"Gesch\u00e4tzte Lesezeit\" \/>\n\t<meta name=\"twitter:data1\" content=\"3\u00a0Minuten\" \/>\n<script type=\"application\/ld+json\" class=\"yoast-schema-graph\">{\"@context\":\"https:\/\/schema.org\",\"@graph\":[{\"@type\":\"WebPage\",\"@id\":\"https:\/\/sandra-rehm.de\/index.php\/ueber-mich\/\",\"url\":\"https:\/\/sandra-rehm.de\/index.php\/ueber-mich\/\",\"name\":\"\u00dcber mich - Sandra Rehm - Gemeinsam f\u00fcr mehr Wohlbefinden\",\"isPartOf\":{\"@id\":\"https:\/\/sandra-rehm.de\/#website\"},\"primaryImageOfPage\":{\"@id\":\"https:\/\/sandra-rehm.de\/index.php\/ueber-mich\/#primaryimage\"},\"image\":{\"@id\":\"https:\/\/sandra-rehm.de\/index.php\/ueber-mich\/#primaryimage\"},\"thumbnailUrl\":\"https:\/\/sandra-rehm.de\/wp-content\/uploads\/2025\/01\/Home-1.jpg\",\"datePublished\":\"2024-11-26T10:14:18+00:00\",\"dateModified\":\"2025-02-06T09:24:19+00:00\",\"description\":\"Knapp zwei Jahrzehnte war ich in unterschiedlichen Aufgabenfeldern in der Eingliederungshilfe nach SGB IX t\u00e4tig. Als erfahrene Beraterin und Trainerin habe ich mich darauf spezialisiert, Unternehmen und ihre Mitarbeitenden in den Bereichen F\u00fchrungskr\u00e4fteentwicklung, Mitarbeitertrainings und betriebliches Gesundheitsmanagement zu unterst\u00fctzen.\",\"breadcrumb\":{\"@id\":\"https:\/\/sandra-rehm.de\/index.php\/ueber-mich\/#breadcrumb\"},\"inLanguage\":\"de\",\"potentialAction\":[{\"@type\":\"ReadAction\",\"target\":[\"https:\/\/sandra-rehm.de\/index.php\/ueber-mich\/\"]}]},{\"@type\":\"ImageObject\",\"inLanguage\":\"de\",\"@id\":\"https:\/\/sandra-rehm.de\/index.php\/ueber-mich\/#primaryimage\",\"url\":\"https:\/\/sandra-rehm.de\/wp-content\/uploads\/2025\/01\/Home-1.jpg\",\"contentUrl\":\"https:\/\/sandra-rehm.de\/wp-content\/uploads\/2025\/01\/Home-1.jpg\",\"width\":1200,\"height\":672,\"caption\":\"Sandra Rehm steht vor einer beleuchteten Wand\"},{\"@type\":\"BreadcrumbList\",\"@id\":\"https:\/\/sandra-rehm.de\/index.php\/ueber-mich\/#breadcrumb\",\"itemListElement\":[{\"@type\":\"ListItem\",\"position\":1,\"name\":\"Startseite\",\"item\":\"https:\/\/sandra-rehm.de\/\"},{\"@type\":\"ListItem\",\"position\":2,\"name\":\"\u00dcber mich\"}]},{\"@type\":\"WebSite\",\"@id\":\"https:\/\/sandra-rehm.de\/#website\",\"url\":\"https:\/\/sandra-rehm.de\/\",\"name\":\"Sandra Rehm - Gemeinsam f\u00fcr mehr Wohlbefinden\",\"description\":\"\",\"publisher\":{\"@id\":\"https:\/\/sandra-rehm.de\/#organization\"},\"potentialAction\":[{\"@type\":\"SearchAction\",\"target\":{\"@type\":\"EntryPoint\",\"urlTemplate\":\"https:\/\/sandra-rehm.de\/?s={search_term_string}\"},\"query-input\":{\"@type\":\"PropertyValueSpecification\",\"valueRequired\":true,\"valueName\":\"search_term_string\"}}],\"inLanguage\":\"de\"},{\"@type\":\"Organization\",\"@id\":\"https:\/\/sandra-rehm.de\/#organization\",\"name\":\"Sandra Rehm - Gemeinsam f\u00fcr mehr Wohlbefinden\",\"url\":\"https:\/\/sandra-rehm.de\/\",\"logo\":{\"@type\":\"ImageObject\",\"inLanguage\":\"de\",\"@id\":\"https:\/\/sandra-rehm.de\/#\/schema\/logo\/image\/\",\"url\":\"https:\/\/sandra-rehm.de\/wp-content\/uploads\/2024\/11\/cropped-cropped-Logo-Slogan.jpg\",\"contentUrl\":\"https:\/\/sandra-rehm.de\/wp-content\/uploads\/2024\/11\/cropped-cropped-Logo-Slogan.jpg\",\"width\":1631,\"height\":516,\"caption\":\"Sandra Rehm - Gemeinsam f\u00fcr mehr Wohlbefinden\"},\"image\":{\"@id\":\"https:\/\/sandra-rehm.de\/#\/schema\/logo\/image\/\"},\"sameAs\":[\"https:\/\/www.instagram.com\/sandra_rehm_gfm_wohlbefinden\"]}]}<\/script>\n<!-- \/ Yoast SEO plugin. -->","yoast_head_json":{"title":"\u00dcber mich - Sandra Rehm - Gemeinsam f\u00fcr mehr Wohlbefinden","description":"Knapp zwei Jahrzehnte war ich in unterschiedlichen Aufgabenfeldern in der Eingliederungshilfe nach SGB IX t\u00e4tig. Als erfahrene Beraterin und Trainerin habe ich mich darauf spezialisiert, Unternehmen und ihre Mitarbeitenden in den Bereichen F\u00fchrungskr\u00e4fteentwicklung, Mitarbeitertrainings und betriebliches Gesundheitsmanagement zu unterst\u00fctzen.","robots":{"index":"index","follow":"follow","max-snippet":"max-snippet:-1","max-image-preview":"max-image-preview:large","max-video-preview":"max-video-preview:-1"},"canonical":"https:\/\/sandra-rehm.de\/index.php\/ueber-mich\/","og_locale":"de_DE","og_type":"article","og_title":"\u00dcber mich - Sandra Rehm - Gemeinsam f\u00fcr mehr Wohlbefinden","og_description":"Knapp zwei Jahrzehnte war ich in unterschiedlichen Aufgabenfeldern in der Eingliederungshilfe nach SGB IX t\u00e4tig. Als erfahrene Beraterin und Trainerin habe ich mich darauf spezialisiert, Unternehmen und ihre Mitarbeitenden in den Bereichen F\u00fchrungskr\u00e4fteentwicklung, Mitarbeitertrainings und betriebliches Gesundheitsmanagement zu unterst\u00fctzen.","og_url":"https:\/\/sandra-rehm.de\/index.php\/ueber-mich\/","og_site_name":"Sandra Rehm - Gemeinsam f\u00fcr mehr Wohlbefinden","article_modified_time":"2025-02-06T09:24:19+00:00","og_image":[{"width":1200,"height":672,"url":"https:\/\/sandra-rehm.de\/wp-content\/uploads\/2025\/01\/Home-1.jpg","type":"image\/jpeg"}],"twitter_card":"summary_large_image","twitter_misc":{"Gesch\u00e4tzte Lesezeit":"3\u00a0Minuten"},"schema":{"@context":"https:\/\/schema.org","@graph":[{"@type":"WebPage","@id":"https:\/\/sandra-rehm.de\/index.php\/ueber-mich\/","url":"https:\/\/sandra-rehm.de\/index.php\/ueber-mich\/","name":"\u00dcber mich - Sandra Rehm - Gemeinsam f\u00fcr mehr Wohlbefinden","isPartOf":{"@id":"https:\/\/sandra-rehm.de\/#website"},"primaryImageOfPage":{"@id":"https:\/\/sandra-rehm.de\/index.php\/ueber-mich\/#primaryimage"},"image":{"@id":"https:\/\/sandra-rehm.de\/index.php\/ueber-mich\/#primaryimage"},"thumbnailUrl":"https:\/\/sandra-rehm.de\/wp-content\/uploads\/2025\/01\/Home-1.jpg","datePublished":"2024-11-26T10:14:18+00:00","dateModified":"2025-02-06T09:24:19+00:00","description":"Knapp zwei Jahrzehnte war ich in unterschiedlichen Aufgabenfeldern in der Eingliederungshilfe nach SGB IX t\u00e4tig. Als erfahrene Beraterin und Trainerin habe ich mich darauf spezialisiert, Unternehmen und ihre Mitarbeitenden in den Bereichen F\u00fchrungskr\u00e4fteentwicklung, Mitarbeitertrainings und betriebliches Gesundheitsmanagement zu unterst\u00fctzen.","breadcrumb":{"@id":"https:\/\/sandra-rehm.de\/index.php\/ueber-mich\/#breadcrumb"},"inLanguage":"de","potentialAction":[{"@type":"ReadAction","target":["https:\/\/sandra-rehm.de\/index.php\/ueber-mich\/"]}]},{"@type":"ImageObject","inLanguage":"de","@id":"https:\/\/sandra-rehm.de\/index.php\/ueber-mich\/#primaryimage","url":"https:\/\/sandra-rehm.de\/wp-content\/uploads\/2025\/01\/Home-1.jpg","contentUrl":"https:\/\/sandra-rehm.de\/wp-content\/uploads\/2025\/01\/Home-1.jpg","width":1200,"height":672,"caption":"Sandra Rehm steht vor einer beleuchteten Wand"},{"@type":"BreadcrumbList","@id":"https:\/\/sandra-rehm.de\/index.php\/ueber-mich\/#breadcrumb","itemListElement":[{"@type":"ListItem","position":1,"name":"Startseite","item":"https:\/\/sandra-rehm.de\/"},{"@type":"ListItem","position":2,"name":"\u00dcber mich"}]},{"@type":"WebSite","@id":"https:\/\/sandra-rehm.de\/#website","url":"https:\/\/sandra-rehm.de\/","name":"Sandra Rehm - Gemeinsam f\u00fcr mehr Wohlbefinden","description":"","publisher":{"@id":"https:\/\/sandra-rehm.de\/#organization"},"potentialAction":[{"@type":"SearchAction","target":{"@type":"EntryPoint","urlTemplate":"https:\/\/sandra-rehm.de\/?s={search_term_string}"},"query-input":{"@type":"PropertyValueSpecification","valueRequired":true,"valueName":"search_term_string"}}],"inLanguage":"de"},{"@type":"Organization","@id":"https:\/\/sandra-rehm.de\/#organization","name":"Sandra Rehm - Gemeinsam f\u00fcr mehr Wohlbefinden","url":"https:\/\/sandra-rehm.de\/","logo":{"@type":"ImageObject","inLanguage":"de","@id":"https:\/\/sandra-rehm.de\/#\/schema\/logo\/image\/","url":"https:\/\/sandra-rehm.de\/wp-content\/uploads\/2024\/11\/cropped-cropped-Logo-Slogan.jpg","contentUrl":"https:\/\/sandra-rehm.de\/wp-content\/uploads\/2024\/11\/cropped-cropped-Logo-Slogan.jpg","width":1631,"height":516,"caption":"Sandra Rehm - Gemeinsam f\u00fcr mehr Wohlbefinden"},"image":{"@id":"https:\/\/sandra-rehm.de\/#\/schema\/logo\/image\/"},"sameAs":["https:\/\/www.instagram.com\/sandra_rehm_gfm_wohlbefinden"]}]}},"_links":{"self":[{"href":"https:\/\/sandra-rehm.de\/index.php\/wp-json\/wp\/v2\/pages\/54","targetHints":{"allow":["GET"]}}],"collection":[{"href":"https:\/\/sandra-rehm.de\/index.php\/wp-json\/wp\/v2\/pages"}],"about":[{"href":"https:\/\/sandra-rehm.de\/index.php\/wp-json\/wp\/v2\/types\/page"}],"author":[{"embeddable":true,"href":"https:\/\/sandra-rehm.de\/index.php\/wp-json\/wp\/v2\/users\/1"}],"replies":[{"embeddable":true,"href":"https:\/\/sandra-rehm.de\/index.php\/wp-json\/wp\/v2\/comments?post=54"}],"version-history":[{"count":33,"href":"https:\/\/sandra-rehm.de\/index.php\/wp-json\/wp\/v2\/pages\/54\/revisions"}],"predecessor-version":[{"id":730,"href":"https:\/\/sandra-rehm.de\/index.php\/wp-json\/wp\/v2\/pages\/54\/revisions\/730"}],"wp:featuredmedia":[{"embeddable":true,"href":"https:\/\/sandra-rehm.de\/index.php\/wp-json\/wp\/v2\/media\/726"}],"wp:attachment":[{"href":"https:\/\/sandra-rehm.de\/index.php\/wp-json\/wp\/v2\/media?parent=54"}],"curies":[{"name":"wp","href":"https:\/\/api.w.org\/{rel}","templated":true}]}}